{"id":135,"date":"2025-05-11T19:19:44","date_gmt":"2025-05-11T22:19:44","guid":{"rendered":"https:\/\/sbcgoias.com.br\/34congresso\/?page_id=135"},"modified":"2025-10-31T08:39:29","modified_gmt":"2025-10-31T11:39:29","slug":"trabalhos","status":"publish","type":"page","link":"https:\/\/sbcgoias.com.br\/34congresso\/trabalhos\/","title":{"rendered":"Trabalhos"},"content":{"rendered":"\t\t<div data-elementor-type=\"wp-page\" data-elementor-id=\"135\" class=\"elementor elementor-135\" data-elementor-post-type=\"page\">\n\t\t\t\t<div data-dce-background-color=\"#011F43\" class=\"elementor-element elementor-element-eb566a7 e-flex e-con-boxed e-con e-parent\" data-id=\"eb566a7\" data-element_type=\"container\" data-e-type=\"container\" data-settings=\"{&quot;background_background&quot;:&quot;classic&quot;}\">\n\t\t\t\t\t<div class=\"e-con-inner\">\n\t\t\t\t\t<\/div>\n\t\t\t\t<\/div>\n\t\t<div data-dce-background-color=\"#F6F6F6\" class=\"elementor-element elementor-element-0b5e5f4 e-flex e-con-boxed e-con e-parent\" data-id=\"0b5e5f4\" data-element_type=\"container\" data-e-type=\"container\" data-settings=\"{&quot;background_background&quot;:&quot;classic&quot;}\">\n\t\t\t\t\t<div class=\"e-con-inner\">\n\t\t<div class=\"elementor-element elementor-element-416d2a4 e-con-full e-flex e-con e-child\" data-id=\"416d2a4\" data-element_type=\"container\" data-e-type=\"container\" data-settings=\"{&quot;background_background&quot;:&quot;classic&quot;}\">\n\t\t<div class=\"elementor-element elementor-element-cf0a656 e-con-full e-flex e-con e-child\" data-id=\"cf0a656\" data-element_type=\"container\" data-e-type=\"container\">\n\t\t<div class=\"elementor-element elementor-element-2ae77b8 e-con-full e-flex e-con e-child\" data-id=\"2ae77b8\" data-element_type=\"container\" data-e-type=\"container\">\n\t\t\t\t<div class=\"elementor-element elementor-element-4952de0 elementor-align-center elementor-widget elementor-widget-button\" data-id=\"4952de0\" data-element_type=\"widget\" data-e-type=\"widget\" data-widget_type=\"button.default\">\n\t\t\t\t<div class=\"elementor-widget-container\">\n\t\t\t\t\t\t\t\t\t<div class=\"elementor-button-wrapper\">\n\t\t\t\t\t<a class=\"elementor-button elementor-button-link elementor-size-sm elementor-animation-grow\" href=\"https:\/\/sbcgoias.com.br\/34congresso\/wp-content\/uploads\/2025\/10\/TEMAS-LIVRES-APROVADOS.pdf\" target=\"_blank\">\n\t\t\t\t\t\t<span class=\"elementor-button-content-wrapper\">\n\t\t\t\t\t\t\t\t\t<span class=\"elementor-button-text\">TEMAS LIVRES APROVADOS<\/span>\n\t\t\t\t\t<\/span>\n\t\t\t\t\t<\/a>\n\t\t\t\t<\/div>\n\t\t\t\t\t\t\t\t<\/div>\n\t\t\t\t<\/div>\n\t\t\t\t<\/div>\n\t\t<div class=\"elementor-element elementor-element-8c1c216 e-con-full e-flex e-con e-child\" data-id=\"8c1c216\" data-element_type=\"container\" data-e-type=\"container\">\n\t\t\t\t<div class=\"elementor-element elementor-element-b57a8ae elementor-align-center elementor-widget elementor-widget-button\" data-id=\"b57a8ae\" data-element_type=\"widget\" data-e-type=\"widget\" data-widget_type=\"button.default\">\n\t\t\t\t<div class=\"elementor-widget-container\">\n\t\t\t\t\t\t\t\t\t<div class=\"elementor-button-wrapper\">\n\t\t\t\t\t<a class=\"elementor-button elementor-button-link elementor-size-sm elementor-animation-grow\" href=\"https:\/\/sbcgoias.com.br\/34congresso\/wp-content\/uploads\/2025\/10\/RELATOS-DE-CASOS-ACEITOS.pdf\" target=\"_blank\">\n\t\t\t\t\t\t<span class=\"elementor-button-content-wrapper\">\n\t\t\t\t\t\t\t\t\t<span class=\"elementor-button-text\">RELATOS DE CASOS ACEITOS<\/span>\n\t\t\t\t\t<\/span>\n\t\t\t\t\t<\/a>\n\t\t\t\t<\/div>\n\t\t\t\t\t\t\t\t<\/div>\n\t\t\t\t<\/div>\n\t\t\t\t<\/div>\n\t\t\t\t<\/div>\n\t\t<div class=\"elementor-element elementor-element-eae2b53 e-con-full e-flex e-con e-child\" data-id=\"eae2b53\" data-element_type=\"container\" data-e-type=\"container\">\n\t\t\t\t<div class=\"elementor-element elementor-element-c855137 elementor-align-center elementor-widget elementor-widget-button\" data-id=\"c855137\" data-element_type=\"widget\" data-e-type=\"widget\" data-widget_type=\"button.default\">\n\t\t\t\t<div class=\"elementor-widget-container\">\n\t\t\t\t\t\t\t\t\t<div class=\"elementor-button-wrapper\">\n\t\t\t\t\t<a class=\"elementor-button elementor-button-link elementor-size-sm elementor-animation-grow\" href=\"https:\/\/sbcgoias.com.br\/34congresso\/wp-content\/uploads\/2025\/10\/MODELO-POSTER-ELETRONICO.pptx\" target=\"_blank\">\n\t\t\t\t\t\t<span class=\"elementor-button-content-wrapper\">\n\t\t\t\t\t\t\t\t\t<span class=\"elementor-button-text\">MODELO POSTER ELETRONICO<\/span>\n\t\t\t\t\t<\/span>\n\t\t\t\t\t<\/a>\n\t\t\t\t<\/div>\n\t\t\t\t\t\t\t\t<\/div>\n\t\t\t\t<\/div>\n\t\t\t\t<div class=\"elementor-element elementor-element-5fc0b34 elementor-widget elementor-widget-text-editor\" data-id=\"5fc0b34\" data-element_type=\"widget\" data-e-type=\"widget\" data-widget_type=\"text-editor.default\">\n\t\t\t\t<div class=\"elementor-widget-container\">\n\t\t\t\t\t\t\t\t\t<p>Se o seu trabalho foi aceito para apresenta\u00e7\u00e3o durante o XXXIV Congresso Goiano de Cardiologia, pedimos que envie o banner digital para o e-mail:<br \/>\ud83d\udce9 <a href=\"mailto:comunicacao@eventoall.com.br\">comunicacao@eventoall.com.br<\/a> <br \/>At\u00e9 o dia 04\/11<\/p><p>O envio \u00e9 obrigat\u00f3rio para a organiza\u00e7\u00e3o e divulga\u00e7\u00e3o dos trabalhos no evento.<\/p>\t\t\t\t\t\t\t\t<\/div>\n\t\t\t\t<\/div>\n\t\t\t\t<\/div>\n\t\t\t\t<div class=\"elementor-element elementor-element-c397ca8 elementor-widget-divider--view-line elementor-widget elementor-widget-divider\" data-id=\"c397ca8\" data-element_type=\"widget\" data-e-type=\"widget\" data-widget_type=\"divider.default\">\n\t\t\t\t<div class=\"elementor-widget-container\">\n\t\t\t\t\t\t\t<div class=\"elementor-divider\">\n\t\t\t<span class=\"elementor-divider-separator\">\n\t\t\t\t\t\t<\/span>\n\t\t<\/div>\n\t\t\t\t\t\t<\/div>\n\t\t\t\t<\/div>\n\t\t\t\t<div class=\"elementor-element elementor-element-c597471 elementor-widget elementor-widget-text-editor\" data-id=\"c597471\" data-element_type=\"widget\" data-e-type=\"widget\" data-widget_type=\"text-editor.default\">\n\t\t\t\t<div class=\"elementor-widget-container\">\n\t\t\t\t\t\t\t\t\t<p style=\"text-align: center;\"><strong>NORMAS PARA ENVIO DE TEMAS LIVRES <\/strong><\/p><p>A Comiss\u00e3o Cient\u00edfica do XXXIV Congresso Goiano de Cardiologia, apresenta os crit\u00e9rios para o envio dos Temas Livres a serem selecionados para apresenta\u00e7\u00e3o.<\/p><p>Data limite: <strong>20 de outubro de 2025<\/strong><\/p><p>Os trabalhos a serem submetidos para sele\u00e7\u00e3o dever\u00e3o ser enviados impreterivelmente at\u00e9 o dia <strong>15 de outubro de 2025.<\/strong> A Comiss\u00e3o Cient\u00edfica n\u00e3o receber\u00e1 os trabalhos que forem encaminhados ap\u00f3s essa data.<\/p><p>Os temas livres aprovados ser\u00e3o apresentados por meio de <strong>Comunica\u00e7\u00e3o Oral e P\u00f4ster<\/strong> e, para isso, o apresentador dever\u00e1, obrigatoriamente, estar inscrito no evento.<\/p><p>N\u00e3o h\u00e1 limite para o n\u00famero de resumos feitos pelo mesmo autor. Entretanto esse s\u00f3 poder\u00e1 ser relator de at\u00e9 dois (02) trabalhos. Se forem aceitos mais de dois (02) resumos do mesmo autor, ele dever\u00e1 solicitar a um dos co\u2010autores que apresente os demais trabalhos. Caso a apresenta\u00e7\u00e3o seja feita por um dos co\u2010autores, esse dever\u00e1 tamb\u00e9m estar inscrito no Congresso.<\/p><p>Os resumos devem ser digitados em microcomputador e enviados em formato World 2007\/2010. Utilizar programa Word para Windows, qualquer vers\u00e3o, fonte Times New Roman, tamanho 12 para t\u00edtulo e autores e tamanho 10 para o texto. Usar espa\u00e7amento simples, papel tamanho A4, com margens direita, esquerda, superior e inferior de 2,5 cm e par\u00e1grafos com tabula\u00e7\u00e3o de 1,0 cm.<\/p><p>Os resumos dever\u00e3o conter os seguintes itens:<\/p><p>T\u00cdTULO: at\u00e9 tr\u00eas linhas com letra mai\u00fascula e em negrito. N\u00e3o escrever a palavra \u201ct\u00edtulo\u201d no in\u00edcio do par\u00e1grafo.<\/p><p>NOME DOS AUTORES:\u00a0 iniciar pelo \u00faltimo sobrenome do autor principal, seguido das iniciais do restante do nome (letras mai\u00fasculas). Idem para os demais co\u2010autores. Ocupar at\u00e9 tr\u00eas linhas. N\u00e3o escrever \u201cnome dos autores\u201d no in\u00edcio do par\u00e1grafo. Os nomes do autor e co\u2010autores devem estar separados por ponto\u2010e\u2010v\u00edrgula. \u00a0<\/p><p>INSTITUI\u00c7\u00c3O: local onde foi realizado o trabalho ou institui\u00e7\u00e3o onde trabalha o autor principal. Favor n\u00e3o escrever a palavra \u201cinstitui\u00e7\u00e3o\u201d no in\u00edcio do par\u00e1grafo e n\u00e3o pular linha entre os nomes dos autores e da institui\u00e7\u00e3o.\u00a0<\/p><p>TEXTO: deixar dois espa\u00e7os simples, entre a institui\u00e7\u00e3o e o texto, que dever\u00e3o conter: Objetivos, Material e M\u00e9todo, Resultados e Conclus\u00f5es. Esses subt\u00edtulos devem estar em negrito e it\u00e1lico.<\/p><p>*Em caso de relato de caso descrever introdu\u00e7\u00e3o, relato e conclus\u00e3o.*<\/p><p>Relato de Caso &#8211; 1 autor principal \/ 8 coautores<\/p><p>Tema Livre &#8211; 1 autor principal \/ 10 coautores<\/p><p>\u00a0At\u00e9 2500 caracteres com espa\u00e7o<\/p>\t\t\t\t\t\t\t\t<\/div>\n\t\t\t\t<\/div>\n\t\t<!-- dce invisible element c6ae94d -->\t\t<\/div>\n\t\t\t\t\t<\/div>\n\t\t\t\t<\/div>\n\t\t\t\t<\/div>\n\t\t","protected":false},"excerpt":{"rendered":"<p>TEMAS LIVRES APROVADOS RELATOS DE CASOS ACEITOS MODELO POSTER ELETRONICO Se o seu trabalho foi aceito para apresenta\u00e7\u00e3o durante o XXXIV Congresso Goiano de Cardiologia, pedimos que envie o banner digital para o e-mail:\ud83d\udce9 comunicacao@eventoall.com.br At\u00e9 o dia 04\/11 O envio \u00e9 obrigat\u00f3rio para a organiza\u00e7\u00e3o e divulga\u00e7\u00e3o dos trabalhos no evento. NORMAS PARA ENVIO [&hellip;]<\/p>\n","protected":false},"author":1,"featured_media":0,"parent":0,"menu_order":0,"comment_status":"closed","ping_status":"closed","template":"elementor_header_footer","meta":{"_acf_changed":false,"footnotes":""},"class_list":["post-135","page","type-page","status-publish","hentry"],"acf":[],"_links":{"self":[{"href":"https:\/\/sbcgoias.com.br\/34congresso\/wp-json\/wp\/v2\/pages\/135","targetHints":{"allow":["GET"]}}],"collection":[{"href":"https:\/\/sbcgoias.com.br\/34congresso\/wp-json\/wp\/v2\/pages"}],"about":[{"href":"https:\/\/sbcgoias.com.br\/34congresso\/wp-json\/wp\/v2\/types\/page"}],"author":[{"embeddable":true,"href":"https:\/\/sbcgoias.com.br\/34congresso\/wp-json\/wp\/v2\/users\/1"}],"replies":[{"embeddable":true,"href":"https:\/\/sbcgoias.com.br\/34congresso\/wp-json\/wp\/v2\/comments?post=135"}],"version-history":[{"count":37,"href":"https:\/\/sbcgoias.com.br\/34congresso\/wp-json\/wp\/v2\/pages\/135\/revisions"}],"predecessor-version":[{"id":1139,"href":"https:\/\/sbcgoias.com.br\/34congresso\/wp-json\/wp\/v2\/pages\/135\/revisions\/1139"}],"wp:attachment":[{"href":"https:\/\/sbcgoias.com.br\/34congresso\/wp-json\/wp\/v2\/media?parent=135"}],"curies":[{"name":"wp","href":"https:\/\/api.w.org\/{rel}","templated":true}]}}