{"id":120,"date":"2025-05-11T19:15:27","date_gmt":"2025-05-11T22:15:27","guid":{"rendered":"https:\/\/sbcgoias.com.br\/34congresso\/?page_id=120"},"modified":"2025-05-11T19:17:15","modified_gmt":"2025-05-11T22:17:15","slug":"diretoria","status":"publish","type":"page","link":"https:\/\/sbcgoias.com.br\/34congresso\/diretoria\/","title":{"rendered":"Diretoria"},"content":{"rendered":"\t\t<div data-elementor-type=\"wp-page\" data-elementor-id=\"120\" class=\"elementor elementor-120\" data-elementor-post-type=\"page\">\n\t\t\t\t<div data-dce-background-color=\"#011F43\" class=\"elementor-element elementor-element-eb566a7 e-flex e-con-boxed e-con e-parent\" data-id=\"eb566a7\" data-element_type=\"container\" data-e-type=\"container\" data-settings=\"{&quot;background_background&quot;:&quot;classic&quot;}\">\n\t\t\t\t\t<div class=\"e-con-inner\">\n\t\t\t\t\t<\/div>\n\t\t\t\t<\/div>\n\t\t<div data-dce-background-color=\"#F6F6F6\" class=\"elementor-element elementor-element-0b5e5f4 e-flex e-con-boxed e-con e-parent\" data-id=\"0b5e5f4\" data-element_type=\"container\" data-e-type=\"container\" data-settings=\"{&quot;background_background&quot;:&quot;classic&quot;}\">\n\t\t\t\t\t<div class=\"e-con-inner\">\n\t\t<div class=\"elementor-element elementor-element-416d2a4 e-con-full e-flex e-con e-child\" data-id=\"416d2a4\" data-element_type=\"container\" data-e-type=\"container\" data-settings=\"{&quot;background_background&quot;:&quot;classic&quot;}\">\n\t\t\t\t<div class=\"elementor-element elementor-element-d491e37 elementor-widget elementor-widget-text-editor\" data-id=\"d491e37\" data-element_type=\"widget\" data-e-type=\"widget\" data-widget_type=\"text-editor.default\">\n\t\t\t\t<div class=\"elementor-widget-container\">\n\t\t\t\t\t\t\t\t\t<div class=\"elementor-column elementor-col-50 elementor-inner-column elementor-element elementor-element-7266c7b\" style=\"flex-basis: var(--flex-basis); flex-grow: var(--flex-grow); flex-shrink: var(--flex-shrink); order: var(--order); align-self: var(--align-self); --swiper-theme-color: #000; --swiper-navigation-size: 44px; --swiper-pagination-bullet-size: 6px; --swiper-pagination-bullet-horizontal-gap: 6px; --widgets-spacing: 20px 20px; width: 488.875px; color: #333333; font-family: -apple-system, BlinkMacSystemFont, 'Segoe UI', Roboto, 'Helvetica Neue', Arial, 'Noto Sans', sans-serif, 'Apple Color Emoji', 'Segoe UI Emoji', 'Segoe UI Symbol', 'Noto Color Emoji';\" data-id=\"7266c7b\" data-element_type=\"column\"><div class=\"elementor-widget-wrap elementor-element-populated\" style=\"width: 488.875px; padding: 10px;\"><div class=\"elementor-element elementor-element-54efbde elementor-widget elementor-widget-text-editor\" style=\"flex-basis: var(--flex-basis); flex-grow: var(--flex-grow); flex-shrink: var(--flex-shrink); order: var(--order); align-self: var(--align-self); flex-direction: var(--flex-direction); flex-wrap: var(--flex-wrap); justify-content: var(--justify-content); align-items: var(--align-items); align-content: var(--align-content); gap: var(--gap); --swiper-theme-color: #000; --swiper-navigation-size: 44px; --swiper-pagination-bullet-size: 6px; --swiper-pagination-bullet-horizontal-gap: 6px; --widgets-spacing: 20px 20px; font-family: var(--e-global-typography-text-font-family),Sans-serif; font-weight: var(--e-global-typography-text-font-weight); width: 468.875px;\" data-id=\"54efbde\" data-element_type=\"widget\" data-widget_type=\"text-editor.default\"><div class=\"elementor-widget-container\" style=\"transition: background .3s,border .3s,border-radius .3s,box-shadow .3s,transform var(--e-transform-transition-duration,.4s);\"><p style=\"margin-block: 0px 0.9rem;\"><span style=\"font-weight: bolder;\">ALBERTO DE ALMEIDA LAS CASAS JR<\/span><br \/>(Presidente)<\/p><p style=\"margin-block: 0px 0.9rem;\"><span style=\"font-weight: bolder;\">RODRIGO PAASHAUS DE ANDRADE<\/span><br \/>(Vice Presidente)<\/p><p style=\"margin-block: 0px 0.9rem;\"><span style=\"font-weight: bolder;\">THIAGO AQUINO AMORIM<\/span><br \/>(Diretor Administrativo)<\/p><p style=\"margin-block: 0px 0.9rem;\"><span style=\"font-weight: bolder;\">TANNAS JATENE<br \/><\/span>(Diretor de Publica\u00e7\u00f5es)<\/p><p style=\"margin-block: 0px 0.9rem;\"><span style=\"font-weight: bolder;\">HUMBERTO GRANER MOREIRA<br \/><\/span>(Diretor Financeiro)<\/p><p style=\"margin-block: 0px 0.9rem;\"><span style=\"font-weight: bolder; font-family: var(--e-global-typography-text-font-family),Sans-serif;\">DONALDY GUSTAVO DA SILVA SAMPAIO<br \/><\/span><span style=\"font-family: var(--e-global-typography-text-font-family),Sans-serif; font-weight: var(--e-global-typography-text-font-weight);\">(Diretor de Rela\u00e7\u00f5es Governamentais)<\/span><\/p><p style=\"margin-block: 0px 0.9rem;\"><span style=\"font-weight: bolder; font-family: var(--e-global-typography-text-font-family),Sans-serif;\">ALESSANDRO FELIPE ARANTES<br \/><\/span><span style=\"font-family: var(--e-global-typography-text-font-family),Sans-serif; font-weight: var(--e-global-typography-text-font-weight);\">(Diretor Financeiro)<\/span><\/p><p style=\"margin-block: 0px 0.9rem;\"><span style=\"font-weight: bolder; font-family: var(--e-global-typography-text-font-family),Sans-serif;\">ERALDO RIBEIRO FERREIRA LE\u00c3O DE MORAES<br \/><\/span><span style=\"font-family: var(--e-global-typography-text-font-family),Sans-serif; font-weight: var(--e-global-typography-text-font-weight);\">(Diretor de Pesquisa)<\/span><\/p><p style=\"margin-block: 0px 0.9rem;\"><span style=\"font-weight: bolder; font-family: var(--e-global-typography-text-font-family),Sans-serif;\">FL\u00c1VIO DE SOUZA VEIGA JARDIM<br \/><\/span><span style=\"font-family: var(--e-global-typography-text-font-family),Sans-serif; font-weight: var(--e-global-typography-text-font-weight);\">(Representante Funcor)<\/span><\/p><\/div><\/div><\/div><\/div>\t\t\t\t\t\t\t\t<\/div>\n\t\t\t\t<\/div>\n\t\t\t\t<\/div>\n\t\t\t\t\t<\/div>\n\t\t\t\t<\/div>\n\t\t\t\t<\/div>\n\t\t","protected":false},"excerpt":{"rendered":"<p>ALBERTO DE ALMEIDA LAS CASAS JR(Presidente) RODRIGO PAASHAUS DE ANDRADE(Vice Presidente) THIAGO AQUINO AMORIM(Diretor Administrativo) TANNAS JATENE(Diretor de Publica\u00e7\u00f5es) HUMBERTO GRANER MOREIRA(Diretor Financeiro) DONALDY GUSTAVO DA SILVA SAMPAIO(Diretor de Rela\u00e7\u00f5es Governamentais) ALESSANDRO FELIPE ARANTES(Diretor Financeiro) ERALDO RIBEIRO FERREIRA LE\u00c3O DE MORAES(Diretor de Pesquisa) FL\u00c1VIO DE SOUZA VEIGA JARDIM(Representante Funcor)<\/p>\n","protected":false},"author":1,"featured_media":0,"parent":0,"menu_order":0,"comment_status":"closed","ping_status":"closed","template":"elementor_header_footer","meta":{"_acf_changed":false,"footnotes":""},"class_list":["post-120","page","type-page","status-publish","hentry"],"acf":[],"_links":{"self":[{"href":"https:\/\/sbcgoias.com.br\/34congresso\/wp-json\/wp\/v2\/pages\/120","targetHints":{"allow":["GET"]}}],"collection":[{"href":"https:\/\/sbcgoias.com.br\/34congresso\/wp-json\/wp\/v2\/pages"}],"about":[{"href":"https:\/\/sbcgoias.com.br\/34congresso\/wp-json\/wp\/v2\/types\/page"}],"author":[{"embeddable":true,"href":"https:\/\/sbcgoias.com.br\/34congresso\/wp-json\/wp\/v2\/users\/1"}],"replies":[{"embeddable":true,"href":"https:\/\/sbcgoias.com.br\/34congresso\/wp-json\/wp\/v2\/comments?post=120"}],"version-history":[{"count":4,"href":"https:\/\/sbcgoias.com.br\/34congresso\/wp-json\/wp\/v2\/pages\/120\/revisions"}],"predecessor-version":[{"id":124,"href":"https:\/\/sbcgoias.com.br\/34congresso\/wp-json\/wp\/v2\/pages\/120\/revisions\/124"}],"wp:attachment":[{"href":"https:\/\/sbcgoias.com.br\/34congresso\/wp-json\/wp\/v2\/media?parent=120"}],"curies":[{"name":"wp","href":"https:\/\/api.w.org\/{rel}","templated":true}]}}

<div data-elementor-type="wp-page" data-elementor-id="120" class="elementor elementor-120" data-elementor-post-type="page">
				<div data-dce-background-color="#011F43" class="elementor-element elementor-element-eb566a7 e-flex e-con-boxed e-con e-parent" data-id="eb566a7" data-element_type="container" data-e-type="container" data-settings="{&quot;background_background&quot;:&quot;classic&quot;}">
					<div class="e-con-inner">
					</div>
				</div>
		<div data-dce-background-color="#F6F6F6" class="elementor-element elementor-element-0b5e5f4 e-flex e-con-boxed e-con e-parent" data-id="0b5e5f4" data-element_type="container" data-e-type="container" data-settings="{&quot;background_background&quot;:&quot;classic&quot;}">
					<div class="e-con-inner">
		<div class="elementor-element elementor-element-416d2a4 e-con-full e-flex e-con e-child" data-id="416d2a4" data-element_type="container" data-e-type="container" data-settings="{&quot;background_background&quot;:&quot;classic&quot;}">
				<div class="elementor-element elementor-element-d491e37 elementor-widget elementor-widget-text-editor" data-id="d491e37" data-element_type="widget" data-e-type="widget" data-widget_type="text-editor.default">
				<div class="elementor-widget-container">
									<div class="elementor-column elementor-col-50 elementor-inner-column elementor-element elementor-element-7266c7b" style="flex-basis: var(--flex-basis); flex-grow: var(--flex-grow); flex-shrink: var(--flex-shrink); order: var(--order); align-self: var(--align-self); --swiper-theme-color: #000; --swiper-navigation-size: 44px; --swiper-pagination-bullet-size: 6px; --swiper-pagination-bullet-horizontal-gap: 6px; --widgets-spacing: 20px 20px; width: 488.875px; color: #333333; font-family: -apple-system, BlinkMacSystemFont, 'Segoe UI', Roboto, 'Helvetica Neue', Arial, 'Noto Sans', sans-serif, 'Apple Color Emoji', 'Segoe UI Emoji', 'Segoe UI Symbol', 'Noto Color Emoji';" data-id="7266c7b" data-element_type="column"><div class="elementor-widget-wrap elementor-element-populated" style="width: 488.875px; padding: 10px;"><div class="elementor-element elementor-element-54efbde elementor-widget elementor-widget-text-editor" style="flex-basis: var(--flex-basis); flex-grow: var(--flex-grow); flex-shrink: var(--flex-shrink); order: var(--order); align-self: var(--align-self); flex-direction: var(--flex-direction); flex-wrap: var(--flex-wrap); justify-content: var(--justify-content); align-items: var(--align-items); align-content: var(--align-content); gap: var(--gap); --swiper-theme-color: #000; --swiper-navigation-size: 44px; --swiper-pagination-bullet-size: 6px; --swiper-pagination-bullet-horizontal-gap: 6px; --widgets-spacing: 20px 20px; font-family: var(--e-global-typography-text-font-family),Sans-serif; font-weight: var(--e-global-typography-text-font-weight); width: 468.875px;" data-id="54efbde" data-element_type="widget" data-widget_type="text-editor.default"><div class="elementor-widget-container" style="transition: background .3s,border .3s,border-radius .3s,box-shadow .3s,transform var(--e-transform-transition-duration,.4s);"><p style="margin-block: 0px 0.9rem;"><span style="font-weight: bolder;">ALBERTO DE ALMEIDA LAS CASAS JR</span><br />(Presidente)</p><p style="margin-block: 0px 0.9rem;"><span style="font-weight: bolder;">RODRIGO PAASHAUS DE ANDRADE</span><br />(Vice Presidente)</p><p style="margin-block: 0px 0.9rem;"><span style="font-weight: bolder;">THIAGO AQUINO AMORIM</span><br />(Diretor Administrativo)</p><p style="margin-block: 0px 0.9rem;"><span style="font-weight: bolder;">TANNAS JATENE<br /></span>(Diretor de Publicações)</p><p style="margin-block: 0px 0.9rem;"><span style="font-weight: bolder;">HUMBERTO GRANER MOREIRA<br /></span>(Diretor Financeiro)</p><p style="margin-block: 0px 0.9rem;"><span style="font-weight: bolder; font-family: var(--e-global-typography-text-font-family),Sans-serif;">DONALDY GUSTAVO DA SILVA SAMPAIO<br /></span><span style="font-family: var(--e-global-typography-text-font-family),Sans-serif; font-weight: var(--e-global-typography-text-font-weight);">(Diretor de Relações Governamentais)</span></p><p style="margin-block: 0px 0.9rem;"><span style="font-weight: bolder; font-family: var(--e-global-typography-text-font-family),Sans-serif;">ALESSANDRO FELIPE ARANTES<br /></span><span style="font-family: var(--e-global-typography-text-font-family),Sans-serif; font-weight: var(--e-global-typography-text-font-weight);">(Diretor Financeiro)</span></p><p style="margin-block: 0px 0.9rem;"><span style="font-weight: bolder; font-family: var(--e-global-typography-text-font-family),Sans-serif;">ERALDO RIBEIRO FERREIRA LEÃO DE MORAES<br /></span><span style="font-family: var(--e-global-typography-text-font-family),Sans-serif; font-weight: var(--e-global-typography-text-font-weight);">(Diretor de Pesquisa)</span></p><p style="margin-block: 0px 0.9rem;"><span style="font-weight: bolder; font-family: var(--e-global-typography-text-font-family),Sans-serif;">FLÁVIO DE SOUZA VEIGA JARDIM<br /></span><span style="font-family: var(--e-global-typography-text-font-family),Sans-serif; font-weight: var(--e-global-typography-text-font-weight);">(Representante Funcor)</span></p></div></div></div></div>								</div>
				</div>
				</div>
					</div>
				</div>
				</div>

<p>ALBERTO DE ALMEIDA LAS CASAS JR(Presidente) RODRIGO PAASHAUS DE ANDRADE(Vice Presidente) THIAGO AQUINO AMORIM(Diretor Administrativo) TANNAS JATENE(Diretor de Publicações) HUMBERTO GRANER MOREIRA(Diretor Financeiro) DONALDY GUSTAVO DA SILVA SAMPAIO(Diretor de Relações Governamentais) ALESSANDRO FELIPE ARANTES(Diretor Financeiro) ERALDO RIBEIRO FERREIRA LEÃO DE MORAES(Diretor de Pesquisa) FLÁVIO DE SOUZA VEIGA JARDIM(Representante Funcor)</p>
